
Let g(u) = -12*u**2 + 6*u + 3. What is g(-2)?
-57
Let s(y) = -y**2 + 4*y + 8. Determine s(6).
-4
Let a(u) = u**2 - 2*u - 3. Give a(5).
12
Let a(p) = p**3 - 7*p**2 + 2*p - 2. Determine a(6).
-26
Let i(v) = v**3 + 7*v**2 - 5*v + 1. Calculate i(-8).
-23
Let n(j) = 51*j + 10. Give n(0).
10
Let w(j) = -4*j + 98. Calculate w(20).
18
Let n(s) = -8*s**2 + 2*s + 1. What is n(2)?
-27
Let a(z) = -z + 26. Calculate a(7).
19
Let x(t) = t**2 - 6*t + 11. Calculate x(3).
2
Let j(d) = d**2 + 4*d - 1. What is j(-5)?
4
Let m(x) = x + 42. What is m(-17)?
25
Let d(u) = -u**2 - 10*u - 25. Give d(-4).
-1
Let k(b) = 3*b**2 - 47*b - 12. Give k(16).
4
Let b(m) = 8*m - 6. Give b(4).
26
Let d(h) = -7*h - 58. Give d(-5).
-23
Let x(n) = -2*n**2 + 20. Calculate x(-6).
-52
Let u(f) = 3*f**3 + 15*f**2 + 13*f + 1. Determine u(-1).
0
Let k(o) = 5*o - 4. Calculate k(6).
26
Let h(q) = -q**2 + 8*q + 25. Determine h(-4).
-23
Let r(v) = -v**3 - v**2 + 3*v + 1. Calculate r(-3).
10
Let p(y) = y**3 - 3*y**2 - y - 1. Give p(3).
-4
Let a(j) = j**3 + j**2 - j + 9. What is a(-3)?
-6
Let d(o) = 2*o**2 - 9*o - 54. What is d(-4)?
14
Let i(j) = j**2 - j - 4. Give i(0).
-4
Let k(g) = g**3 - 7*g**2 - 3*g + 17. What is k(7)?
-4
Let f(m) = -m**2 - 15*m - 32. What is f(-11)?
12
Let h(l) = -l**2 + 59*l + 385. Give h(65).
-5
Let z(y) = -y**2 - 65*y - 545. Determine z(-10).
5
Let s(t) = t**3 - t**2 - 7*t - 5. Determine s(5).
60
Let a(d) = d**3 - 4*d**2 - 3*d - 5. Give a(4).
-17
Let l(w) = 14*w - 5. Calculate l(8).
107
Let v(i) = -i**3 + 10*i**2 - 5*i - 47. Calculate v(9).
-11
Let z(c) = 75*c + 459. Calculate z(-6).
9
Let v(g) = 3*g + 37. Give v(-13).
-2
Let g(t) = 3*t + 103. Give g(-37).
-8
Let t(n) = n**3 - 14*n + 12. Determine t(-4).
4
Let i(s) = s**3 - s - 1. Give i(0).
-1
Let b(k) = -k**2 + 2*k + 124. Give b(11).
25
Let d(i) = -48*i - 28. Calculate d(-5).
212
Let s(q) = 6*q - 21. What is s(8)?
27
Let n(g) = g**3 + 9*g**2 + 6*g - 3. Give n(-8).
13
Let t(i) = -i + 3. Determine t(6).
-3
Let s(z) = -2*z - 7. Determine s(-5).
3
Let c(l) = l**3 + 28*l**2 - 288*l - 1. Calculate c(-36).
-1
Let p(d) = -d**3 - 8*d**2 - d - 3. Give p(-8).
5
Let r(z) = z**2 - 2*z - 1. Calculate r(3).
2
Let g(d) = d**2 + 14*d + 16. Calculate g(-5).
-29
Let t(n) = n**2 + 6*n - 12. Calculate t(-8).
4
Let f(g) = -3*g - 4. Calculate f(3).
-13
Let m(v) = 2*v**3 - 2*v**2 + 3*v - 4. What is m(0)?
-4
Let h(q) = -2*q + 50. Determine h(26).
-2
Let n(v) = 5*v - 15. Give n(6).
15
Let i(f) = 5*f - 72. Determine i(0).
-72
Let o(b) = -8*b - 28. Determine o(-5).
12
Let x(y) = y**2 + 3*y + 2. What is x(-3)?
2
Let g(a) = -a**2 - 7*a + 2. Determine g(3).
-28
Let t(y) = -y**3 - 12*y**2 + 15*y + 2. What is t(-13)?
-24
Let f(h) = -2*h. What is f(-12)?
24
Let p(u) = u**3 - 7*u**2 - 6*u - 18. Determine p(8).
-2
Let t(b) = b**3 + 22. Give t(0).
22
Let o(x) = 2*x**3 + 3*x**2 - 5*x - 5. Calculate o(-4).
-65
Let j(z) = z**2 + 13*z + 19. Give j(-4).
-17
Let c(k) = -k - 1. What is c(-4)?
3
Let p(y) = -y**3 - 12*y**2 + 12*y - 9. What is p(-13)?
4
Let v(z) = z - 10. Calculate v(-1).
-11
Let o(m) = m**2 + 9*m - 2. What is o(-8)?
-10
Let s(g) = -5*g - 2. What is s(3)?
-17
Let h(f) = -f**3 + 26*f**2 + 29*f - 60. What is h(27)?
-6
Let x(n) = n**3 - 7*n**2 - 72*n + 24. Give x(13).
102
Let o(d) = 6*d + 19. Give o(10).
79
Let b(c) = c**2 + c - 6. Calculate b(5).
24
Let n(l) = l**3 + 14*l**2 + 28*l + 54. What is n(-12)?
6
Let t(j) = -3*j - 2. Calculate t(-1).
1
Let z(w) = 20*w**3 - 2*w**2 - 7*w - 2. What is z(-2)?
-156
Let z(r) = r**3 - 9*r**2 - 22*r - 2. What is z(11)?
-2
Let d(g) = g**3 + 4*g**2 + 3*g + 10. Calculate d(-4).
-2
Let i(g) = -3*g**2 - g. Determine i(3).
-30
Let s(w) = -w**3 - 8*w**2 - 15*w - 9. Give s(-6).
9
Let h(g) = -4*g**2 - 3*g - 3. What is h(-3)?
-30
Let h(l) = 3*l - 52. Give h(18).
2
Let c(n) = n**2 - 42. Give c(6).
-6
Let z(d) = -d**3 + 7*d**2 - d + 10. Calculate z(7).
3
Let c(z) = z**2 - 14*z - 116. Calculate c(20).
4
Let s(l) = l**3 + 10*l**2 - 20*l + 42. Give s(-12).
-6
Let l(n) = 3*n**2 + 32*n + 61. Determine l(-2).
9
Let j(k) = 3*k**3 - 8*k**2 - 4*k - 5. Determine j(3).
-8
Let i(u) = -u**3 - 12*u**2 - 14*u - 25. Calculate i(-11).
8
Let v(r) = -r**2 - 19*r - 4. Calculate v(-19).
-4
Let m(d) = 37*d + 1. What is m(-1)?
-36
Let m(s) = -s**2 + 25*s + 80. Calculate m(27).
26
Let b(x) = x**3 - 11*x**2 + 5*x - 15. Calculate b(11).
40
Let s(q) = -q**2 - 12*q + 24. Calculate s(-13).
11
Let c(w) = -5*w**2 + 3*w - 1. Calculate c(2).
-15
Let y(z) = -2*z**2 + 4*z + 4. Determine y(-1).
-2
Let l(o) = o**3 + 16*o**2 - 2*o - 19. What is l(-16)?
13
Let o(m) = -30*m + 1. Calculate o(2).
-59
Let r(v) = -v**3 + 6*v**2 + 15*v + 14. Determine r(8).
6
Let i(w) = w**3 - 2*w**2 + 4*w + 3. What is i(-3)?
-54
Let d(c) = -c - 16. Determine d(-13).
-3
Let u(p) = p**3 - p**2 - 4*p + 6. Calculate u(4).
38
Let q(a) = a**3 - 9*a**2 - 20*a - 20. Determine q(11).
2
Let p(j) = 3*j**2 - 100*j + 37. What is p(33)?
4
Let k(t) = 2*t**3 + 5. Give k(0).
5
Let i(l) = -16*l - 6. Determine i(-5).
74
Let k(n) = 3*n - 15. Calculate k(5).
0
Let a(n) = n**3 + 14*n**2 + 6*n - 28. Determine a(-13).
63
Let d(y) = -6*y + 5. Determine d(7).
-37
Let x(j) = j**2 - 6*j - 40. Determine x(10).
0
Let r(v) = 2*v**2 - 27*v + 93. Calculate r(4).
17
Let b(u) = -13*u - 11. Calculate b(-2).
15
Let w(a) = -a - 6. Give w(-8).
2
Let s(h) = -2*h**3 + 2*h**2 - 3*h - 1. What is s(2)?
-15
Let w(c) = -c + 14. Give w(14).
0
Let o(z) = 2*z**2 + 94*z + 83. What is o(-46)?
-9
Let k(g) = -g**3 - 2*g**2 + 8*g - 4. Determine k(-4).
-4
Let h(g) = -13*g**2. Give h(-1).
-13
Let x(b) = b**3 + b**2 + b - 1. Give x(1).
2
Let c(d) = 42*d - 467. What is c(11)?
-5
Let i(d) = -d**3 - 7*d**2 + 9*d + 64. What is i(-7)?
1
Let a(b) = b**3 - 21*b**2 - 51*b + 18. What is a(23)?
-97
Let q(a) = -12*a + 5. Give q(-4).
53
Let o(n) = -n**2 - 5*n + 6. What is o(-5)?
6
Let u(t) = -t**3 - 9*t**2 + 16*t + 36. Give u(-10).
-24
Let v(f) = -f**2 - 10*f - 8. What is v(-11)?
-19
Let p(m) = 13*m - 6. Calculate p(-3).
-45
Let x(j) = 8*j + 51. Calculate x(-8).
-13
Let b(h) = -153*h - 456. Calculate b(-3).
3
Let t(u) = -u**2 - 23*u + 21. Determine t(-24).
-3
Let q(n) = n**3 - 5*n**2 + 2*n - 11. Determine q(5).
-1
Let g(r) = 16*r - 31. Calculate g(15).
209
Let i(q) = -44*q + 59. Give i(4).
-117
Let h(y) = -y**3 - 8*y**2 - 5*y + 17. Give h(-7).
3
Let o(l) = 2*l**3 + 13*l**2 - 7*l - 21. Determine o(-7).
-21
Let o(x) = -x**3 + 5*x**2 - 6*x. Determine o(4).
-8
Let r(u) = u**2 + 35*u + 135. Calculate r(-30).
-15
Let z(v) = v - 12. Determine z(13).
1
Let w(m) = -2*m**2 - 37*m. Determine w(-19).
-19
Let l(z) = 40*z - 645. Calculate l(16).
-5
Let n(y) = -34*y - 126. Give n(-5).
44
Let t(j) = j**3 + 6*j**2 + 6*j + 2. Determine t(-4).
10
Let x(k) = k**2 - 3*k + 5. Determine x(0).
5
Let k(u) = 2*u + 49. Calculate k(-22).
5
Let l(p) = p**3 - 17*p**2 + 31*p - 17. Give l(15).
-2
Let b(o) = o**3 - 4*o**2 - 4. Calculate b(0).
-4
Let i(l) = 13*l - 214. What is i(14)?
-32
Let w(r) = -r**2 - 8*r + 5. Calculate w(-6).
17
Let f(q) = -q**2 - 11*q - 2. Determine f(-7).
26
Let j(m) = m**2 + 8*m - 2. Calculate j(-4).
-18
Let y(b) = b**3 + 6*b**2 - 39*b - 246. Determine y(-6).
-12
Let q(v) = -12*v - 119. Calculate q(-10).
1
Let q(a) = a**2 + 2*a - 8. Calculate q(0).
-8
Let n(g) = -25*g + 31. Calculate n(2).
-19
Let i(h) = 3*h**2 - 35*h - 14. Calculate i(12).
-2
Let y(w) = 2*w + 5. Determine y(-4).
-3
Let g(s) = -5*s + 44. What is g(18)?
-46
Let v(r) = -r**2 - 13*r - 10. Determine v(-9).
26
Let q(u) = -5*u - 8. Calculate q(-6).
22
Let f(c) = -6*c - 42. Determine f(15).
-132
Let a(w) = -w**2 - 2*w - 25. Give a(0).
-25
Let y(g) = -4*g**3 + 2*g**2 - 49*g - 51. Calculate y(-1).
4
Let p(m) = 6*m + 6. Determine p(-2).
-6
Let y(u) = -u**2 + 16*u + 3. Determine y(15).
18
Let b(s) = -s**3 - 4*s**2 + 3*s + 12. Calculate b(-4).
0
Let d(a) = a**2 - 114*a + 1407. Calculate d(14).
7
Let z(x) = 56*x - 34. Calculate z(0).
-34
Let f(z) = z**2 - 6*z - 11. Determine f(9).
16
Let y(z) = 5*z + 12. What is y(-4)?
-8
Let i(w) = -3*w**3 + 12*w**2 - 9*w + 32. Calculate i(4).
-4
Let q(m) = 5*m - 1. Determine q(5).
24
Let u(o) = o**2 + 2*o - 5. Give u(-5).
10
Let v(j) = -6*j**2 + 3*j + 3. Determine v(-1).
-6
Let q(a) = -a**2 + 3*a + 7. Calculate q(5).
-3
Let n(z) = z**2 - 10*z + 14. Calculate n(6).
-1